 = 3*v, -5*v + 183 = c*u - 12. What is the remainder when 89 is divided by u?
44
Suppose -3*p = 6, 4*s = -p - 118 + 616. Let c(w) = 419*w - 20510. What is the remainder when s is divided by c(49)?
20
Let m(p) = -12*p - 30. Let s be m(-3). What is the remainder when 249 is divided by (-7)/(-14) + 213/s?
33
Let q = 12165 + -9857. What is the remainder when q is divided by 458?
18
Let q(n) = -18*n**3 + 5*n**2 + n - 6. Let a be q(-3). Let w = a - 358. Let b = w - 91. What is the remainder when b is divided by 25?
23
Let r = 289 - 5. Suppose -29*p + 200 = -26*p - i, -4*p - 3*i + r = 0. What is the remainder when p is divided by 19?
11
Let u be (-13)/(-4) - (-12)/16. Suppose -7*k - 4 = -3*k, -u*z = -k - 37. What is the remainder when 12*(-5)/20*(-2 - 6) is divided by z?
6
Let p(b) = -3*b - 122. Let n(i) = 11*i + 485. Let s(o) = -2*n(o) - 9*p(o). Calculate the remainder when 120 is divided by s(-22).
12
Suppose 103794*o = 51893*o + 51882*o + 570. Suppose -2*i + 5*i - 891 = 0. What is the remainder when i is divided by o?
27
Let m(y) = -4*y**3 + 28*y**2 + 2*y + 21. What is the remainder when 3672 is divided by m(7)?
32
Suppose 4 = f, -f = 3*h + 3*f - 112. Suppose -r + 5*c = -53, 2*c - 98 = -5*r + h. Calculate the remainder when ((-3)/6 + 2)*92 is divided by r.
26
Suppose h + n = 59, -102 = -2*h - 388*n + 390*n. Let s(w) = w**3 - 6*w**2 + w + 6. What is the remainder when h is divided by s(6)?
7
Let n be (24/2)/(-6*(-2)/8). Suppose 9*s - 676 = 5*s. What is the remainder when s is divided by (n + -2 - -51)/3?
17
Calculate the remainder when 1455 is divided by ((-54)/5)/((-21)/105).
51
Suppose -6*n + 17*l = 12*l - 2400, 5*n = -l + 1969. Calculate the remainder when 809 is divided by n.
19
Suppose -3*v + 5*p = -48 - 150, 2*p + 330 = 5*v. What is the remainder when 11811 is divided by v?
63
Calculate the remainder when 21 is divided by 0/(-1) - (11 + -27).
5
What is the remainder when 3880 is divided by -2 + -6*858/(-12) - (-12 - -9)?
10
Let b be (-4 - -4)*2/4. Suppose -z - r + 19 = 0, b = -5*z - 2*r + 5*r + 87. What is the remainder when 35 is divided by z?
17
Let n be 433/4 - (-8)/(-32). Suppose 2*u + n = 6*u. Calculate the remainder when u is divided by (-4)/6*(-90)/4.
12
Suppose -15*n = -10*n + 4*a - 642, 5*n + 2*a - 636 = 0. Calculate the remainder when 288 is divided by n.
36
Suppose 3*n = 5*n + 5*c + 703, -n = -4*c + 345. Let s = -130 - n. What is the remainder when s is divided by 22?
21
Let k(d) = 13*d - 47. Let a be k(4). Suppose -2*q = -5*b - 208, 0 = -3*q + 4*b - a*b + 329. What is the remainder when q is divided by 55?
54
Let z(n) = 5510*n + 154301. Let s(j) be the second derivative of -5*j**3/3 + j**2/2 - j. Calculate the remainder when s(-6) is divided by z(-28).
19
Suppose 36*w - 3*a = 31*w + 235, -205 = -4*w - a. What is the remainder when 559 is divided by w?
9
Suppose 25 = 3*y + 11*k - 7*k, 5*k = 5. Let v(h) = -9*h + 70. What is the remainder when 257 is divided by v(y)?
5
Let c(m) = -8*m**2 + 2*m + 2. Let d be c(-3). Let z = -61 - d. Let r(u) = -u**3 + 16*u**2 - 12*u - 12. Calculate the remainder when r(z) is divided by 12.
9
Suppose 41*d + 2945 = 9792. What is the remainder when d is divided by 62?
43
What is the remainder when 770 is divided by (3/7)/((-9)/6) - (-72520)/1715?
14
Suppose z = -3*q - 791, 5*z = -4*q + 2*z - 1048. Let t = 322 + q. Calculate the remainder when t is divided by 21.
15
Calculate the remainder when 306 is divided by 1/(((-2)/(-3))/(1430/33)).
46
Suppose 4*j + j - 95 = 3*i, -61 = -3*j + i. Suppose 5*h - 3*h = j. What is the remainder when ((-2457)/3969)/((-2)/129) + (-3)/(-42) is divided by h?
7
Suppose 0*f - 2*f + 42 = 0. Let b(v) = 958*v**2 - 8623*v + 72. What is the remainder when b(9) is divided by f?
0
Suppose -v + 57 - 8 = c, -4*v = -4*c - 180. Let w = 132324 - 132304. Calculate the remainder when v is divided by w.
7
Let f = -3321 - -14490. Calculate the remainder when f is divided by 75.
69
Suppose 0 = k + 4*k - 2*p, -k + 22 = 4*p. Let s be 14 + k*(-12)/8. Let w = 41 - s. What is the remainder when w is divided by 11?
8
Suppose 4*r + 1732 = -98*d + 102*d, 4*d + 4*r - 1676 = 0. Calculate the remainder when d is divided by 98.
34
Let i = 19687 - 19392. What is the remainder when 879 is divided by i?
289
Suppose -2*a - 1008 = -16*a. Suppose 636*z - a = 634*z. Calculate the remainder when 357 is divided by z.
33
Let p(o) = o + 18. Let a be p(-16). Calculate the remainder when 47 is divided by (-64)/16 + (-22)/(-4 + a).
5
Suppose 57*l - 130 = 47*l. What is the remainder when 616 is divided by l?
5
Let k be 0*(-5)/((-80)/2). Suppose k = 3*x + d - 68, 0 = x - 4*x - 2*d + 70. What is the remainder when 57 is divided by x?
13
Let v = -440 - -362. Let t = 97 + v. Calculate the remainder when 31 is divided by t.
12
Let z(s) = -34 - 16*s - 24*s - 56 - 56. Let h = 33 + 22. What is the remainder when h is divided by z(-4)?
13
Let g be (-81)/(-87) + (-2)/(-29). What is the remainder when 23 + g + 23 + -29 is divided by 4?
2
Calculate the remainder when 6402 is divided by 106 - -1 - 78/(-1599)*-41.
102
Let w(b) = 22 - 24*b**2 + 6*b**3 + 5 - 65*b - 7*b**3 - 2. Let u = 22 + -8. Calculate the remainder when w(-21) is divided by u.
11
Let m = 224 + -151. Suppose 5*i = 4*x + 289, -i = -2*i - 3*x + m. What is the remainder when i is divided by 21?
19
Let q = 5147 - 5065. What is the remainder when 228 is divided by q?
64
What is the remainder when 504 is divided by (14/(-6))/((-35)/22140*6)?
12
Let g be (-5)/35*3 - (-104)/14. Suppose 0 = j + m - 154, -5*m + g*m + 477 = 3*j. What is the remainder when j is divided by 16?
13
Let f be (315/18)/((-1)/(-2)). Suppose 753 = f*y - 822. What is the remainder when 311 is divided by y?
41
Suppose 2*b + 5078 = 4*r, 0 = -r - 3*b - 1530 + 2831. Calculate the remainder when r is divided by 270.
194
Let d = -2030 - -2051. Calculate the remainder when 129 is divided by d.
3
Let p(c) = 5 - c**2 - 3 - 1 + 7*c. Suppose -51*t + 55*t = u + 9, 21 = 2*u + 5*t. What is the remainder when 51 is divided by p(u)?
12
Suppose -2256*n + 2260*n = 152. What is the remainder when 834 is divided by n?
36
Let u(s) = -193*s - 9018. Calculate the remainder when 715 is divided by u(-48).
223
Let r = 17 + 0. Let y = 93 - 31. Suppose 8*c = y + 26. What is the remainder when r is divided by c?
6
Let p(r) = -1216*r + 1370. Let h(i) = i**3 - 5*i**2 + 4*i - 7. What is the remainder when p(1) is divided by h(5)?
11
Suppose 4*z + 2*v - v - 748 = 0, 0 = 5*z + 4*v - 924. Let c(i) = 2*i**3 - 2*i**2 - 10*i + 26. What is the remainder when z is divided by c(3)?
28
Suppose -214*a = -203*a - 176. Let z = 6 - 2. What is the remainder when (-975)/(-9) - z/(-6) is divided by a?
13
Let t be ((-28 - 5)/((-9)/6))/1. Let k = 96 + t. Calculate the remainder when k is divided by ((-34)/((-4)/(-2)))/(-1).
16
Suppose -59 = 5*h + 186. Let c = -39 - h. Suppose -40 = -c*y - 0*y. What is the remainder when 19 is divided by y?
3
Let z be (-1)/4 + 550/(-8). Suppose -5*t + 8*v - 145 = 3*v, -v - 103 = 3*t. Let s = t - z. Calculate the remainder when s is divided by 10.
6
Suppose -78 = 4*n + 3*u - 25, -3*u - 20 = n. Let j(c) = -c**3 - 12*c**2 - 16*c - 7. What is the remainder when 237 is divided by j(n)?
45
Suppose 4*w + 2*d - 64 = 0, 4*w - 16 - 20 = 5*d. Let i be (9/(45/50))/((-4)/(-162)). Suppose 2*c - i = -3*c. Calculate the remainder when c is divided by w.
11
Let k(y) be the third derivative of y**6/120 + y**5/12 + 5*y**4/24 + 4*y**3/3 + 35*y**2. What is the remainder when 20 is divided by k(-4)?
0
Let t(d) = -d**3 - d**2 - d + 49. Let a be t(0). Let c = a + -37. Calculate the remainder when 35 is divided by c.
11
Suppose 2*p - 33 - 25 = 0. Suppose 0 = -2*y + 83 + p. What is the remainder when y is divided by 15?
11
Let l = -142 + 468. Suppose 364 = 6*i - l. What is the remainder when 68 is divided by (1 + 0)/((3 - -2)/i)?
22
Let b(o) = o**2 - 16*o - 166. Calculate the remainder when 2339 is divided by b(-8).
25
Let l(d) = -3*d + 39. Let r = -55 + 34. Let y be l(r). Suppose -24*p + 21*p = -y. What is the remainder when p is divided by 20?
14
Suppose 4*x - 5*k = x + 1085, k - 2 = 0. Let j = x - 360. What is the remainder when 6 is divided by j?
1
Let v(f) = 14*f**2 + f - 6. Let j be v(2). Suppose 2*w = -3*k - w - 30, -3*k - 4*w = 28. Let 